tors of 27598411?
37, 745903
What are the prime factors of 1061432644?
2, 19, 13966219
List the prime factors of 1006094631.
3, 19, 211, 83653
What are the prime factors of 46281102?
2, 3, 7, 1101931
List the prime factors of 30967355.
5, 6193471
What are the prime factors of 339013541?
17, 19941973
List the prime factors of 213034706.
2, 106517353
List the prime factors of 543841791.
3, 181280597
What are the prime factors of 936617558?
2, 577, 811627
List the prime factors of 4360334643.
3, 7, 19, 29, 59, 2129
List the prime factors of 34465548.
2, 3, 13, 220933
What are the prime factors of 138552162?
2, 3, 7, 3298861
What are the prime factors of 69008137?
11, 641, 9787
What are the prime factors of 562411877?
29, 37, 524149
What are the prime factors of 975360685?
5, 13, 41, 47, 599
List the prime factors of 83228160.
2, 3, 5, 10837
List the prime factors of 560155379.
7, 107, 747871
What are the prime factors of 550685878?
2, 97, 2838587
List the prime factors of 156373175.
5, 7, 223, 4007
List the prime factors of 82019629.
317, 258737
List the prime factors of 329199766.
2, 7, 137, 171637
What are the prime factors of 4807355221?
149, 269, 277, 433
List the prime factors of 647401033.
23, 2699, 10429
What are the prime factors of 77541320?
2, 5, 1938533
What are the prime factors of 475714717?
7187, 66191
List the prime factors of 871238595.
3, 5, 7457, 7789
What are the prime factors of 60343144?
2, 41, 183973
List the prime factors of 1303000742.
2, 31, 4507, 4663
List the prime factors of 6473636500.
2, 5, 1451, 8923
List the prime factors of 74744504.
2, 59, 158357
List the prime factors of 356779458.
2, 3, 7, 41, 23021
List the prime factors of 2895161031.
3, 7, 29, 226379
What are the prime factors of 583487085?
3, 5, 38899139
What are the prime factors of 487663175?
5, 233, 83719
What are the prime factors of 91407204?
2, 3, 7, 41, 983
List the prime factors of 555455470.
2, 5, 37, 251, 5981
What are the prime factors of 247642514?
2, 7, 1087, 16273
What are the prime factors of 1913297575?
5, 7, 131, 83459
What are the prime factors of 367744800?
2, 3, 5, 73, 2099
What are the prime factors of 52205786?
2, 26102893
What are the prime factors of 286052179?
7, 73, 269, 2081
List the prime factors of 1355285073.
3, 157, 2877463
What are the prime factors of 621484976?
2, 7, 5548973
List the prime factors of 350711589.
3, 487, 240049
List the prime factors of 403711022.
2, 11, 13, 523, 2699
List the prime factors of 2248081384.
2, 2239, 125507
What are the prime factors of 131478012?
2, 3, 839, 1451
What are the prime factors of 1793458253?
197, 1433, 6353
What are the prime factors of 39897608?
2, 191, 26111
List the prime factors of 99920533.
23, 31, 353, 397
What are the prime factors of 7338373435?
5, 47, 2609, 11969
What are the prime factors of 41843172?
2, 3, 7, 29, 89, 193
List the prime factors of 4700138.
2, 2350069
List the prime factors of 6680877500.
2, 5, 11, 83, 2927
What are the prime factors of 84473499?
3, 11, 83, 30841
List the prime factors of 1096033722.
2, 3, 7, 26096041
What are the prime factors of 4264259386?
2, 23, 491, 188801
List the prime factors of 191269173.
3, 23, 2772017
List the prime factors of 947676205.
5, 7, 19, 1425077
What are the prime factors of 137653239?
3, 45884413
What are the prime factors of 3955194011?
23, 171964957
What are the prime factors of 1310161932?
2, 3, 397, 30557
List the prime factors of 1794981497.
1794981497
List the prime factors of 2455859147.
7, 89, 1453, 2713
List the prime factors of 1232391.
3, 547, 751
List the prime factors of 41137309.
41, 1003349
List the prime factors of 12787745.
5, 1229, 2081
What are the prime factors of 709933628?
2, 197, 900931
What are the prime factors of 312743991?
3, 7, 14892571
What are the prime factors of 9322767?
3, 59, 97, 181
What are the prime factors of 2676839440?
2, 5, 11, 43, 59, 109
List the prime factors of 323278849.
109, 2965861
What are the prime factors of 526094781?
3, 19, 181, 50993
List the prime factors of 55065616.
2, 937, 3673
What are the prime factors of 138286602?
2, 3, 17, 149, 337
What are the prime factors of 543782082?
2, 3, 90630347
List the prime factors of 2239381586.
2, 13, 86130061
What are the prime factors of 2583843?
3, 23, 37447
What are the prime factors of 252312702?
2, 3, 29, 1450073
List the prime factors of 928424812.
2, 7, 1913, 17333
List the prime factors of 4374400416.
2, 3, 45566671
What are the prime factors of 43552073?
1229, 35437
List the prime factors of 371175238.
2, 7, 907, 29231
List the prime factors of 26554167.
3, 23, 163, 787
List the prime factors of 267518641.
13, 20578357
What are the prime factors of 379315714?
2, 4243, 44699
What are the prime factors of 88102138?
2, 44051069
List the prime factors of 104614825.
5, 7, 263, 2273
List the prime factors of 169912939.
7, 599, 827
List the prime factors of 371965945.
5, 13, 19, 349, 863
List the prime factors of 44651926.
2, 11, 2029633
What are the prime factors of 153373162?
2, 76686581
List the prime factors of 9226426.
2, 11, 419383
List the prime factors of 317027595.
3, 5, 21135173
What are the prime factors of 834933392?
2, 52183337
What are the prime factors of 23496?
2, 3, 11, 89
What are the prime factors of 938592770?
2, 5, 93859277
What are the prime factors of 239805767?
263, 557, 1637
What are the prime factors of 397155474?
2, 3, 2451577
List the prime factors of 33827682.
2, 3, 7, 805421
List the prime factors of 267716065.
5, 43, 1245191
List the prime factors of 32431291.
17, 293, 383
List the prime factors of 21184673.
73, 290201
List the prime factors of 46362884.
2, 73, 158777
List the prime factors of 4774801548.
2, 3, 11, 36172739
What are the prime factors of 210478529?
53, 421, 9433
What are the prime factors of 2756985713?
31, 211, 421493
What are the prime factors of 475402229?
17, 27964837
What are the prime factors of 966098814?
2, 3, 17, 19, 26237
What are the prime factors of 140382297?
3, 11, 409, 3467
What are the prime factors of 36675427?
107, 342761
List the prime factors of 4196104208.
2, 12893, 20341
What are the prime factors of 11443027?
37, 309271
What are the prime factors of 66877125?
3, 5, 7, 73, 349
What are the prime factors of 6269204?
2, 1567301
List the prime factors of 884268326.
2, 442134163
What are the prime factors of 453822115?
5, 90764423
List the prime factors of 1221930710.
2, 5, 7, 11, 13, 59, 2069
List the prime factors of 515996655.
3, 5, 3517, 9781
What are the prime factors of 185086743?
3, 61695581
What are the prime factors of 264355549?
151, 1750699
What are the prime factors of 373613275?
5, 7, 179, 11927
What are the prime factors of 1708732548?
2, 3, 19, 29, 86143
List the prime factors of 104445095.
5, 29, 720311
What are the prime factors of 403482703?
13, 31037131
What are the prime factors of 31985942?
2, 17, 55339
List the prime factors of 3642231.
3, 1214077
What are the prime factors of 264164900?
2, 5, 2641649
List the prime factors of 249395965.
5, 7, 13, 548123
List the prime factors of 11509826.
2, 79, 97, 751
List the prime factors of 66195697.
227, 331, 881
List the prime factors of 1525866367.
73, 20902279
What are the prime factors of 22448683?
137, 163859
What are the prime factors of 206085390?
2, 3, 5, 7, 17, 57727
List the prime factors of 61117382.
2, 83, 557, 661
List the prime factors of 1285841723.
37, 34752479
What are the prime factors of 747612249?
3, 249204083
List the prime factors of 7299815.
5, 1459963
List the prime factors of 2149699531.
7, 23, 1907453
List the prime factors of 83621489.
7, 19, 89819
List the prime factors of 816954883.
61, 269, 49787
What are the prime factors of 551989237?
43, 2137, 6007
List the prime factors of 503249837.
2053, 245129
What are the prime factors of 457830532?
2, 1217, 94049
List the prime factors of 300153038.
2, 823, 182353
What are the prime factors of 120086808?
2, 3, 31, 161407
List the prime factors of 7430549052.
2, 3, 2887, 214483
What are the prime factors of 103813211?
677, 153343
What are the prime factors of 2401335339?
3, 13, 61572701
List the prime factors of 32046969.
3, 2857, 3739
What are the prime factors of 159959244?
2, 3, 29, 109, 4217
What are the prime factors o